{"id":6081,"date":"2024-01-31T20:26:49","date_gmt":"2024-01-31T18:26:49","guid":{"rendered":"https:\/\/turkmaarifkoleji.org\/?page_id=6081"},"modified":"2024-01-31T21:12:22","modified_gmt":"2024-01-31T19:12:22","slug":"60-yil-belgeseli","status":"publish","type":"page","link":"https:\/\/turkmaarifkoleji.org\/en\/60-yil-belgeseli\/","title":{"rendered":"60 Y\u0131l Belgeseli"},"content":{"rendered":"<div data-elementor-type=\"wp-page\" data-elementor-id=\"6081\" class=\"elementor elementor-6081\">\n\t\t\t\t<div class=\"elementor-element elementor-element-3c1a5a0 e-con-full e-flex e-con e-parent\" data-id=\"3c1a5a0\" data-element_type=\"container\">\n\t\t\t\t<div class=\"elementor-element elementor-element-fb63339 elementor-widget elementor-widget-xpro-video\" data-id=\"fb63339\" data-element_type=\"widget\" data-settings=\"{&quot;controls&quot;:&quot;yes&quot;}\" data-widget_type=\"xpro-video.default\">\n\t\t\t\t<div class=\"elementor-widget-container\">\n\t\t\t\t\t\r\n<div class=\"xpro-video-wrapper\">\r\n\t<div class=\"xpro-video-inner\">\r\n\r\n\t\t\r\n\t\t<div class=\"xpro-video-box xpro-sticky-video-\">\r\n\t\t\t<div class=\"sticky-cross-btn xpro-sticky-cross-btn-\">\r\n\t\t\t\t<i class=\"fas fa-times\"><\/i>\r\n\t\t\t<\/div>\r\n\t\t\t<div class=\"xpro-video-box-wrap xpro-image\">\r\n\t\t\t\t\r\n\t\t\t\t\r\n\t\t\t\t\r\n\t\t\t\t\t\t\t\t\t<div class=\"plyr__video-embed xpro-player\" id=\"player\">\r\n\t\t\t\t\t\t<iframe src=\"\/\/www.youtube.com\/embed\/3WDV9jWLlAM?autoplay=1&#038;mute=1&#038;controls=0&#038;showinfo=0&#038;rel=0&#038;loop=1&#038;modestbranding=1&#038;wmode=transparent&#038;playsinline=1&#038;playlist=3WDV9jWLlAM\" allowfullscreen allowtransparency\r\n\t\t\t\t\t\t\t\tallow=\"autoplay\"><\/iframe>\r\n\t\t\t\t\t<\/div>\r\n\t\t\t\t\t\t\t<\/div>\r\n\t\t<\/div>\r\n\r\n\t<\/div>\r\n<\/div>\r\n\t\t\t\t<\/div>\n\t\t\t\t<\/div>\n\t\t\t\t<\/div>\n\t\t\t\t<\/div>","protected":false},"excerpt":{"rendered":"","protected":false},"author":1,"featured_media":0,"parent":0,"menu_order":0,"comment_status":"closed","ping_status":"closed","template":"elementor_header_footer","meta":{"_kad_post_transparent":"default","_kad_post_title":"hide","_kad_post_layout":"fullwidth","_kad_post_sidebar_id":"","_kad_post_content_style":"unboxed","_kad_post_vertical_padding":"hide","_kad_post_feature":"hide","_kad_post_feature_position":"","_kad_post_header":false,"_kad_post_footer":false,"footnotes":""},"class_list":["post-6081","page","type-page","status-publish","hentry"],"yoast_head":"<!-- This site is optimized with the Yoast SEO plugin v25.9 - https:\/\/yoast.com\/wordpress\/plugins\/seo\/ -->\n<title>60 Y\u0131l Belgeseli - T\u00fcrk Maarif Koleji<\/title>\n<meta name=\"robots\" content=\"index, follow, max-snippet:-1, max-image-preview:large, max-video-preview:-1\" \/>\n<link rel=\"canonical\" href=\"https:\/\/turkmaarifkoleji.org\/en\/60-yil-belgeseli\/\" \/>\n<meta property=\"og:locale\" content=\"en_US\" \/>\n<meta property=\"og:type\" content=\"article\" \/>\n<meta property=\"og:title\" content=\"60 Y\u0131l Belgeseli - T\u00fcrk Maarif Koleji\" \/>\n<meta property=\"og:url\" content=\"https:\/\/turkmaarifkoleji.org\/en\/60-yil-belgeseli\/\" \/>\n<meta property=\"og:site_name\" content=\"T\u00fcrk Maarif Koleji\" \/>\n<meta property=\"article:publisher\" content=\"https:\/\/www.facebook.com\/tmkcyprus\/\" \/>\n<meta property=\"article:modified_time\" content=\"2024-01-31T19:12:22+00:00\" \/>\n<meta property=\"og:image\" content=\"https:\/\/turkmaarifkoleji.org\/wp-content\/uploads\/2023\/07\/Turk_Maarif_Koleji_logo-1.png\" \/>\n\t<meta property=\"og:image:width\" content=\"477\" \/>\n\t<meta property=\"og:image:height\" content=\"160\" \/>\n\t<meta property=\"og:image:type\" content=\"image\/png\" \/>\n<meta name=\"twitter:card\" content=\"summary_large_image\" \/>\n<meta name=\"twitter:label1\" content=\"Est. reading time\" \/>\n\t<meta name=\"twitter:data1\" content=\"1 minute\" \/>\n<script type=\"application\/ld+json\" class=\"yoast-schema-graph\">{\"@context\":\"https:\/\/schema.org\",\"@graph\":[{\"@type\":\"WebPage\",\"@id\":\"https:\/\/turkmaarifkoleji.org\/60-yil-belgeseli\/\",\"url\":\"https:\/\/turkmaarifkoleji.org\/60-yil-belgeseli\/\",\"name\":\"60 Y\u0131l Belgeseli - T\u00fcrk Maarif Koleji\",\"isPartOf\":{\"@id\":\"https:\/\/turkmaarifkoleji.org\/en\/#website\"},\"datePublished\":\"2024-01-31T18:26:49+00:00\",\"dateModified\":\"2024-01-31T19:12:22+00:00\",\"breadcrumb\":{\"@id\":\"https:\/\/turkmaarifkoleji.org\/60-yil-belgeseli\/#breadcrumb\"},\"inLanguage\":\"en-US\",\"potentialAction\":[{\"@type\":\"ReadAction\",\"target\":[\"https:\/\/turkmaarifkoleji.org\/60-yil-belgeseli\/\"]}]},{\"@type\":\"BreadcrumbList\",\"@id\":\"https:\/\/turkmaarifkoleji.org\/60-yil-belgeseli\/#breadcrumb\",\"itemListElement\":[{\"@type\":\"ListItem\",\"position\":1,\"name\":\"Anasayfa\",\"item\":\"https:\/\/turkmaarifkoleji.org\/\"},{\"@type\":\"ListItem\",\"position\":2,\"name\":\"60 Y\u0131l Belgeseli\"}]},{\"@type\":\"WebSite\",\"@id\":\"https:\/\/turkmaarifkoleji.org\/en\/#website\",\"url\":\"https:\/\/turkmaarifkoleji.org\/en\/\",\"name\":\"T\u00fcrk Maarif Koleji\",\"description\":\"D\u00fcnyaya A\u00e7\u0131lan Kap\u0131\",\"publisher\":{\"@id\":\"https:\/\/turkmaarifkoleji.org\/en\/#organization\"},\"potentialAction\":[{\"@type\":\"SearchAction\",\"target\":{\"@type\":\"EntryPoint\",\"urlTemplate\":\"https:\/\/turkmaarifkoleji.org\/en\/?s={search_term_string}\"},\"query-input\":{\"@type\":\"PropertyValueSpecification\",\"valueRequired\":true,\"valueName\":\"search_term_string\"}}],\"inLanguage\":\"en-US\"},{\"@type\":\"Organization\",\"@id\":\"https:\/\/turkmaarifkoleji.org\/en\/#organization\",\"name\":\"T\u00fcrk Maarif Koleji\",\"alternateName\":\"TMK\",\"url\":\"https:\/\/turkmaarifkoleji.org\/en\/\",\"logo\":{\"@type\":\"ImageObject\",\"inLanguage\":\"en-US\",\"@id\":\"https:\/\/turkmaarifkoleji.org\/en\/#\/schema\/logo\/image\/\",\"url\":\"https:\/\/turkmaarifkoleji.org\/wp-content\/uploads\/2023\/08\/Turk_Maarif_Koleji-1.svg\",\"contentUrl\":\"https:\/\/turkmaarifkoleji.org\/wp-content\/uploads\/2023\/08\/Turk_Maarif_Koleji-1.svg\",\"width\":120,\"height\":160,\"caption\":\"T\u00fcrk Maarif Koleji\"},\"image\":{\"@id\":\"https:\/\/turkmaarifkoleji.org\/en\/#\/schema\/logo\/image\/\"},\"sameAs\":[\"https:\/\/www.facebook.com\/tmkcyprus\/\",\"https:\/\/www.instagram.com\/turkmaarifkolejitmk\/\"]}]}<\/script>\n<!-- \/ Yoast SEO plugin. -->","yoast_head_json":{"title":"60 Y\u0131l Belgeseli - T\u00fcrk Maarif Koleji","robots":{"index":"index","follow":"follow","max-snippet":"max-snippet:-1","max-image-preview":"max-image-preview:large","max-video-preview":"max-video-preview:-1"},"canonical":"https:\/\/turkmaarifkoleji.org\/en\/60-yil-belgeseli\/","og_locale":"en_US","og_type":"article","og_title":"60 Y\u0131l Belgeseli - T\u00fcrk Maarif Koleji","og_url":"https:\/\/turkmaarifkoleji.org\/en\/60-yil-belgeseli\/","og_site_name":"T\u00fcrk Maarif Koleji","article_publisher":"https:\/\/www.facebook.com\/tmkcyprus\/","article_modified_time":"2024-01-31T19:12:22+00:00","og_image":[{"width":477,"height":160,"url":"https:\/\/turkmaarifkoleji.org\/wp-content\/uploads\/2023\/07\/Turk_Maarif_Koleji_logo-1.png","type":"image\/png"}],"twitter_card":"summary_large_image","twitter_misc":{"Est. reading time":"1 minute"},"schema":{"@context":"https:\/\/schema.org","@graph":[{"@type":"WebPage","@id":"https:\/\/turkmaarifkoleji.org\/60-yil-belgeseli\/","url":"https:\/\/turkmaarifkoleji.org\/60-yil-belgeseli\/","name":"60 Y\u0131l Belgeseli - T\u00fcrk Maarif Koleji","isPartOf":{"@id":"https:\/\/turkmaarifkoleji.org\/en\/#website"},"datePublished":"2024-01-31T18:26:49+00:00","dateModified":"2024-01-31T19:12:22+00:00","breadcrumb":{"@id":"https:\/\/turkmaarifkoleji.org\/60-yil-belgeseli\/#breadcrumb"},"inLanguage":"en-US","potentialAction":[{"@type":"ReadAction","target":["https:\/\/turkmaarifkoleji.org\/60-yil-belgeseli\/"]}]},{"@type":"BreadcrumbList","@id":"https:\/\/turkmaarifkoleji.org\/60-yil-belgeseli\/#breadcrumb","itemListElement":[{"@type":"ListItem","position":1,"name":"Anasayfa","item":"https:\/\/turkmaarifkoleji.org\/"},{"@type":"ListItem","position":2,"name":"60 Y\u0131l Belgeseli"}]},{"@type":"WebSite","@id":"https:\/\/turkmaarifkoleji.org\/en\/#website","url":"https:\/\/turkmaarifkoleji.org\/en\/","name":"T\u00fcrk Maarif College","description":"A Gateway to the World","publisher":{"@id":"https:\/\/turkmaarifkoleji.org\/en\/#organization"},"potentialAction":[{"@type":"SearchAction","target":{"@type":"EntryPoint","urlTemplate":"https:\/\/turkmaarifkoleji.org\/en\/?s={search_term_string}"},"query-input":{"@type":"PropertyValueSpecification","valueRequired":true,"valueName":"search_term_string"}}],"inLanguage":"en-US"},{"@type":"Organization","@id":"https:\/\/turkmaarifkoleji.org\/en\/#organization","name":"T\u00fcrk Maarif College","alternateName":"TMK","url":"https:\/\/turkmaarifkoleji.org\/en\/","logo":{"@type":"ImageObject","inLanguage":"en-US","@id":"https:\/\/turkmaarifkoleji.org\/en\/#\/schema\/logo\/image\/","url":"https:\/\/turkmaarifkoleji.org\/wp-content\/uploads\/2023\/08\/Turk_Maarif_Koleji-1.svg","contentUrl":"https:\/\/turkmaarifkoleji.org\/wp-content\/uploads\/2023\/08\/Turk_Maarif_Koleji-1.svg","width":120,"height":160,"caption":"T\u00fcrk Maarif Koleji"},"image":{"@id":"https:\/\/turkmaarifkoleji.org\/en\/#\/schema\/logo\/image\/"},"sameAs":["https:\/\/www.facebook.com\/tmkcyprus\/","https:\/\/www.instagram.com\/turkmaarifkolejitmk\/"]}]}},"_links":{"self":[{"href":"https:\/\/turkmaarifkoleji.org\/en\/wp-json\/wp\/v2\/pages\/6081","targetHints":{"allow":["GET"]}}],"collection":[{"href":"https:\/\/turkmaarifkoleji.org\/en\/wp-json\/wp\/v2\/pages"}],"about":[{"href":"https:\/\/turkmaarifkoleji.org\/en\/wp-json\/wp\/v2\/types\/page"}],"author":[{"embeddable":true,"href":"https:\/\/turkmaarifkoleji.org\/en\/wp-json\/wp\/v2\/users\/1"}],"replies":[{"embeddable":true,"href":"https:\/\/turkmaarifkoleji.org\/en\/wp-json\/wp\/v2\/comments?post=6081"}],"version-history":[{"count":0,"href":"https:\/\/turkmaarifkoleji.org\/en\/wp-json\/wp\/v2\/pages\/6081\/revisions"}],"wp:attachment":[{"href":"https:\/\/turkmaarifkoleji.org\/en\/wp-json\/wp\/v2\/media?parent=6081"}],"curies":[{"name":"wp","href":"https:\/\/api.w.org\/{rel}","templated":true}]}}

60 Yıl Belgeseli

<!-- This site is optimized with the Yoast SEO plugin v25.9 - https://yoast.com/wordpress/plugins/seo/ -->
<title>60 Yıl Belgeseli - Türk Maarif Koleji</title>
<meta name="robots" content="index, follow, max-snippet:-1, max-image-preview:large, max-video-preview:-1" />
<link rel="canonical" href="https://turkmaarifkoleji.org/en/60-yil-belgeseli/" />
<meta property="og:locale" content="en_US" />
<meta property="og:type" content="article" />
<meta property="og:title" content="60 Yıl Belgeseli - Türk Maarif Koleji" />
<meta property="og:url" content="https://turkmaarifkoleji.org/en/60-yil-belgeseli/" />
<meta property="og:site_name" content="Türk Maarif Koleji" />
<meta property="article:publisher" content="https://www.facebook.com/tmkcyprus/" />
<meta property="article:modified_time" content="2024-01-31T19:12:22+00:00" />
<meta property="og:image" content="https://turkmaarifkoleji.org/wp-content/uploads/2023/07/Turk_Maarif_Koleji_logo-1.png" />
	<meta property="og:image:width" content="477" />
	<meta property="og:image:height" content="160" />
	<meta property="og:image:type" content="image/png" />
<meta name="twitter:card" content="summary_large_image" />
<meta name="twitter:label1" content="Est. reading time" />
	<meta name="twitter:data1" content="1 minute" />
<script type="application/ld+json" class="yoast-schema-graph">{"@context":"https://schema.org","@graph":[{"@type":"WebPage","@id":"https://turkmaarifkoleji.org/60-yil-belgeseli/","url":"https://turkmaarifkoleji.org/60-yil-belgeseli/","name":"60 Yıl Belgeseli - Türk Maarif Koleji","isPartOf":{"@id":"https://turkmaarifkoleji.org/en/#website"},"datePublished":"2024-01-31T18:26:49+00:00","dateModified":"2024-01-31T19:12:22+00:00","breadcrumb":{"@id":"https://turkmaarifkoleji.org/60-yil-belgeseli/#breadcrumb"},"inLanguage":"en-US","potentialAction":[{"@type":"ReadAction","target":["https://turkmaarifkoleji.org/60-yil-belgeseli/"]}]},{"@type":"BreadcrumbList","@id":"https://turkmaarifkoleji.org/60-yil-belgeseli/#breadcrumb","itemListElement":[{"@type":"ListItem","position":1,"name":"Anasayfa","item":"https://turkmaarifkoleji.org/"},{"@type":"ListItem","position":2,"name":"60 Yıl Belgeseli"}]},{"@type":"WebSite","@id":"https://turkmaarifkoleji.org/en/#website","url":"https://turkmaarifkoleji.org/en/","name":"Türk Maarif Koleji","description":"Dünyaya Açılan Kapı","publisher":{"@id":"https://turkmaarifkoleji.org/en/#organization"},"potentialAction":[{"@type":"SearchAction","target":{"@type":"EntryPoint","urlTemplate":"https://turkmaarifkoleji.org/en/?s={search_term_string}"},"query-input":{"@type":"PropertyValueSpecification","valueRequired":true,"valueName":"search_term_string"}}],"inLanguage":"en-US"},{"@type":"Organization","@id":"https://turkmaarifkoleji.org/en/#organization","name":"Türk Maarif Koleji","alternateName":"TMK","url":"https://turkmaarifkoleji.org/en/","logo":{"@type":"ImageObject","inLanguage":"en-US","@id":"https://turkmaarifkoleji.org/en/#/schema/logo/image/","url":"https://turkmaarifkoleji.org/wp-content/uploads/2023/08/Turk_Maarif_Koleji-1.svg","contentUrl":"https://turkmaarifkoleji.org/wp-content/uploads/2023/08/Turk_Maarif_Koleji-1.svg","width":120,"height":160,"caption":"Türk Maarif Koleji"},"image":{"@id":"https://turkmaarifkoleji.org/en/#/schema/logo/image/"},"sameAs":["https://www.facebook.com/tmkcyprus/","https://www.instagram.com/turkmaarifkolejitmk/"]}]}</script>
<!-- / Yoast SEO plugin. -->

60 Yıl Belgeseli - Türk Maarif Koleji

Türk Maarif Koleji

Türk Maarif College
